-1 - d) + 1)*-3. Suppose 5*y = b*k - 97, 3*k - 2*k - 2*y = 32. What are the prime factors of k?
2, 17
Suppose 0*d + 5*d + 4*l = 2745, -3*d + 1647 = l. What are the prime factors of d?
3, 61
Let w(u) = -6*u**2 + 3*u + 2. Let d be w(-1). What are the prime factors of (-15)/12*-107 + d/(-28)?
2, 67
Suppose 15 = 5*g - 10. Suppose 0 = 4*o + g*o - 621. What are the prime factors of o?
3, 23
Suppose 2*d = 13*d - 253. What are the prime factors of d?
23
Let k(t) = -49*t + 168. What are the prime factors of k(-6)?
2, 3, 7, 11
Suppose 252 = -6*n - 180. Let w = 104 + n. List the prime factors of w.
2
Let u(x) = 26*x**2 + 26*x - 261. List the prime factors of u(11).
3, 7, 151
List the prime factors of 0 + 173/((-129)/33 + 4).
11, 173
Let f(v) be the third derivative of -v**4 - v**3 - v**2. Let m be -9 + 1 + 110 + -105. List the prime factors of f(m).
2, 3, 11
Let v = 505 - -2029. List the prime factors of v.
2, 7, 181
Let b(p) = 3*p**2 + 8*p - 8 - 5*p - 3*p - 7*p. What are the prime factors of b(-6)?
2, 71
Let w(i) = -144*i - 297. What are the prime factors of w(-15)?
3, 23
Suppose -6*d + 3*d = 5*g, 2*d - g = 13. Suppose -4*u + o - d = 0, u + o + 0*o = 0. List the prime factors of u + (19 - 3) + 0.
3, 5
Suppose -2*z + 3*z - 611 = -5*v, 631 = z - 5*v. What are the prime factors of z?
3, 23
Suppose 12*a - 28 + 4 = 0. Suppose 3*v + 214 = 1030. Suppose q + 3*q = -4*n + v, a*q - 268 = -4*n. List the prime factors of n.
2, 3, 11
Let s(d) = d**3 + 8*d**2 + 6*d - 7. Let g be s(-7). Suppose g*c = -c. Suppose c = -t - 4, -5*k - 3*t + 144 = -4*t. What are the prime factors of k?
2, 7
Let w(o) = -79*o + 34. What are the prime factors of w(-2)?
2, 3
Let z = -2379 + 3427. List the prime factors of z.
2, 131
Let k(o) = 63*o**2 + o + 15. What are the prime factors of k(4)?
13, 79
Let f be (24/14)/(-1)*-7. Suppose 49 + f = 3*g + 2*o, 4*g + 2*o = 82. Suppose 9*i = 8*i + g. List the prime factors of i.
3, 7
Let l = 63 - 93. Suppose -2*p = 5*u - 83, 4*u + 162 = 3*p - u. Let j = p + l. List the prime factors of j.
19
Suppose 3*v + 136 - 817 = 0. Suppose 0 = 4*k - 3*d - 229, -3*k + 5*d + v = k. What are the prime factors of k?
2, 29
Suppose -12090 = -187*v + 182*v. List the prime factors of v.
2, 3, 13, 31
Suppose -21*r = -14*r - 1071. What are the prime factors of r?
3, 17
Let h be 4/(-70)*-5*14. Suppose -7*v = -3*v + 3*c + 189, h*c + 57 = -v. Let j = 90 + v. What are the prime factors of j?
3, 5
Suppose d = 21 - 27. What are the prime factors of (-1)/(-6) + (-131)/d?
2, 11
Let u be 12/9 + (-479)/(-3). Suppose 4*v - 176 = -4*q, 3*q - 57 - u = -5*v. What are the prime factors of v?
43
Suppose 0 = -9*r + 5*r + 1220. What are the prime factors of r?
5, 61
Let j = 4 - 0. Suppose -4*z = -72 - 40. Let u = j + z. List the prime factors of u.
2
Let v = -9 - -4. Let y(s) = 55 - 12*s + 58 - 120. What are the prime factors of y(v)?
53
What are the prime factors of ((-49800)/(-16))/(-15)*-2?
5, 83
Suppose -5*c - 6*u + 19141 = -5*u, -4*u - 11480 = -3*c. What are the prime factors of c?
2, 3, 11, 29
Let n(u) = -4*u + 2. Let d be n(-2). Suppose -5*m = 2*g - 53, g + 3*m = -0*m + 27. Let f = g - d. List the prime factors of f.
2, 7
Let k(l) = 32*l**2 - 6*l + 24. What are the prime factors of k(10)?
2, 7, 113
Let j = 2909 + -823. List the prime factors of j.
2, 7, 149
Let n = -43 - -46. List the prime factors of 56 + n + -3 - -2.
2, 29
Suppose -15 = -s - 3*a, -s = 2*s - 4*a + 20. Suppose -4*p - 76 = -s*p. Let o = p - -36. What are the prime factors of o?
17
Suppose -4*m = -0*m + 40. Let p = m + 20. Let w(l) = -l**3 + 10*l**2 + 10. What are the prime factors of w(p)?
2, 5
Suppose -6*q + 1734 = -0*q. Suppose 0 = -2*k + r + q, 0*k - 3*k - r + 426 = 0. What are the prime factors of k?
11, 13
Let h = -282 + 503. Let u = -142 + h. What are the prime factors of u?
79
Let b(j) = 49*j**2 - 29*j - 5. What are the prime factors of b(5)?
5, 43
Suppose 24 = 4*x - 2*z, -5*x = -6*z + 3*z - 32. Suppose 4*r - 188 = -x*m + 244, 2*m + 114 = r. What are the prime factors of r?
2, 5, 11
Suppose -3*c - 8*u = -3*u - 95, 5*c - u - 177 = 0. Let g = 208 + c. What are the prime factors of g?
3
List the prime factors of (1 + -11)/(3/(-306)).
2, 3, 5, 17
Let d(v) = v + 5*v**2 + 1 + 0*v**2 + 13*v. What are the prime factors of d(6)?
5, 53
Let q(o) = 2*o + 30. Let w(x) = -x**2 + 9*x - 4. Let i be w(5). What are the prime factors of q(i)?
2, 31
Suppose 5*z = -2*k - 450, 2*z - 3*k = -211 + 31. Let g = 134 + z. List the prime factors of g.
2, 11
Suppose -9*t + 180 + 144 = 0. What are the prime factors of t?
2, 3
Suppose t + 1049 = 2*j - 443, -20 = 5*t. List the prime factors of j.
2, 3, 31
Suppose 5*l - 5325 = 15635. Let o be l/20 + (-6)/(-15). Suppose o = -19*f + 24*f. What are the prime factors of f?
2, 3, 7
Let l(u) = -u**2 - 115*u - 479. List the prime factors of l(-71).
5, 23
Suppose n = -a + 56, -2*a - 8*n + 127 = -3*n. List the prime factors of a.
3, 17
Let y be -5 + (-6)/(-3) + 1. Let b(c) = -40*c**3 + 3*c**2 + 5*c + 7. What are the prime factors of b(y)?
7, 47
Suppose -2*n = -5*o - 176, -o - 5*n - 25 = -2*n. Suppose -25 - 47 = 4*t. Let h = t - o. List the prime factors of h.
2
Let w = 25 - 20. Suppose w*o - 10 = 10. Suppose 6*g - 73 = o*g - r, 3*r = -4*g + 151. List the prime factors of g.
2, 17
Let i = -40 - -91. Suppose 5*r = 20, 4*b - 4*r = 5*b - i. List the prime factors of b.
5, 7
Suppose -2*z + 4*m = -1660, -1645 = -2*z - 26*m + 25*m. What are the prime factors of z?
2, 103
Let s be (-5 - -4) + -2 + -144 + 1. Let f = s + 358. What are the prime factors of f?
2, 53
Let t be -5*(-11)/(110/(-96)). Let q = t + 31. List the prime factors of (q/2)/(1/(-4)).
2, 17
What are the prime factors of 2 + (3 - 1 - -259)?
263
Suppose 0 = -r + 3, 4*r + 480 = 3*z - 5172. List the prime factors of z.
2, 59
Let h = -40 - -46. List the prime factors of (2/h)/((-4)/(-408)).
2, 17
Let l(p) = p - 5*p**2 - 281*p**3 + 10 + 278*p**3 - 3*p. What are the prime factors of l(-4)?
2, 5, 13
Let x be (-2955)/10*4/(-3). What are the prime factors of (-5)/20 + x/8?
7
Suppose -o + 1361 - 163 = 0. List the prime factors of o.
2, 599
Let a(r) = -r**2 + 17*r + 40. What are the prime factors of a(11)?
2, 53
Let o = -3 + -1. Let a be ((-54)/o)/((-9)/(-12)). Suppose 0*f + a = 2*f. What are the prime factors of f?
3
Let r be ((-2)/6)/((-2)/606). Let c(b) = 1 + 2 - r*b + 97*b. List the prime factors of c(-5).
23
Let j be 3/(9/(-6)) + -29. Let z = 61 + j. Suppose n + 11 = z. What are the prime factors of n?
19
Let y be (-36)/(-10)*225/(-30). List the prime factors of (2088/y)/((-1)/3).
2, 29
Suppose -45*z + 34881 = -14574. List the prime factors of z.
7, 157
What are the prime factors of (-8)/16 + (-5235)/(-10)?
523
Let c(b) be the third derivative of b**6/120 + b**5/6 - b**4/2 - 7*b**3/6 - 9*b**2. Let o be c(-11). Suppose o*g - 15 = 141. What are the prime factors of g?
3, 13
Let w(z) be the second derivative of -z**4/12 - 19*z**3/6 - z**2/2 + 5*z. Let q be w(-18). Suppose -22 = -f + q. List the prime factors of f.
3, 13
Let p(c) = c**3 - 20*c**2 + 24*c - 22. Let l be (-114)/(-4)*2/3. What are the prime factors of p(l)?
73
Let n = -175 + 119. Let h = n - -150. Suppose 0 = -5*m - 4*k + 305, -2*m + k + 3*k = -h. List the prime factors of m.
3, 19
Let a be (0 + -2)/(8/(-16)). Suppose a*x = 3*h - 486, 4*h - 799 = -h + 3*x. List the prime factors of h.
2, 79
Suppose 0 = -5*z + j + 36, -5*z = -2*j - 3 - 29. Let x = -3 - z. Let y = 48 + x. What are the prime factors of y?
37
Let v(d) = d**2 + 9*d - 14. Suppose -4*o = 5 + 39. Let x be v(o). What are the prime factors of x/10*1*30?
2, 3
Let n = -811 - -1324. What are the prime factors of n?
3, 19
Let l be (6/(-4))/(-1)*(-3520)/(-96). Let q = 17 + -12. Suppose 0*i = -q*i + l. What are the prime factors of i?
11
Suppose -2758 = -4*i + 2*f, 2*i - 2*f - f = 1373. What are the prime factors of i?
691
Suppose -8 = -0*k - 2*k + 2*u, -4*k = 2*u - 10. Suppose 6*y - 2*z = k*y + 19, 5*y - 5*z = 30. Suppose 5*a + 36 = y*a. What are the prime factors of a?
2, 3
Suppose z - 2370 = -2*d, -34*d + 32*d + 2378 = -z. What are the prime factors of d?
1187
Let q = -18 - -30. Suppose -5*u + 322 = q. List the prime factors of u.
2, 31
List the prime factors of (100368/(-765))/(4/10*-1).
2, 41
Let t = 29 - -13. Suppose -5*w + 67 = 4*